reatest common divisor of 458861 and 6008?
751
Calculate the highest common factor of 8144 and 119640.
8
Calculate the highest common factor of 3 and 9677601.
3
What is the greatest common divisor of 229324123 and 21?
7
What is the greatest common factor of 19440 and 56971836?
972
What is the greatest common divisor of 584 and 617144?
8
Calculate the highest common divisor of 4353302 and 2211496.
4646
What is the greatest common divisor of 47408776 and 96?
8
Calculate the highest common factor of 1603 and 135536627.
229
What is the highest common divisor of 15567405 and 7?
7
Calculate the greatest common divisor of 56281935 and 7230.
3615
What is the highest common divisor of 2178 and 20431334?
242
Calculate the highest common factor of 1024972 and 4209584.
3428
Calculate the greatest common divisor of 952 and 235229.
17
Calculate the greatest common divisor of 19350639 and 1287.
99
What is the greatest common divisor of 75440 and 5189260?
460
What is the highest common factor of 103482071 and 15092?
3773
Calculate the greatest common divisor of 40642897 and 183.
61
What is the greatest common divisor of 179786 and 142913?
241
Calculate the highest common divisor of 10353231 and 378.
189
What is the greatest common divisor of 1711160 and 80960?
440
Calculate the highest common divisor of 51 and 485211.
3
What is the highest common divisor of 1001715 and 124995?
195
What is the highest common divisor of 92661690 and 33?
33
Calculate the greatest common factor of 50122 and 93195.
19
Calculate the highest common divisor of 62665 and 1332575.
755
Calculate the highest common factor of 577850 and 48615600.
6350
Calculate the highest common divisor of 630241 and 3723.
17
Calculate the greatest common factor of 249 and 371325.
3
Calculate the greatest common factor of 144 and 454880232.
72
Calculate the greatest common factor of 365472516 and 36.
12
What is the highest common divisor of 11466 and 14880222?
882
Calculate the greatest common factor of 1135170 and 670.
10
Calculate the greatest common factor of 1410 and 175825026.
282
What is the highest common divisor of 1293456 and 9?
3
Calculate the greatest common factor of 112195 and 43130.
95
What is the greatest common factor of 9344 and 9331444?
292
What is the greatest common divisor of 20407245 and 1830?
915
What is the highest common divisor of 3763303 and 332?
83
What is the highest common divisor of 704090 and 5080340?
3890
What is the highest common factor of 93471066 and 408?
102
Calculate the greatest common divisor of 10706680 and 30.
10
Calculate the greatest common factor of 10179 and 13205295.
783
What is the highest common factor of 38 and 5187874?
38
What is the greatest common divisor of 5128860 and 9728?
76
What is the highest common divisor of 5947 and 1191278?
313
What is the highest common factor of 431973 and 15876?
81
What is the greatest common divisor of 4964 and 9211943?
1241
Calculate the highest common divisor of 77958624 and 1572.
1572
What is the highest common factor of 154818 and 1793217?
183
What is the greatest common divisor of 43165 and 533985?
485
Calculate the greatest common factor of 8780328 and 3420.
36
What is the greatest common factor of 540 and 1451220?
60
What is the highest common factor of 19583700 and 24?
12
Calculate the greatest common divisor of 18986 and 81752.
22
Calculate the highest common factor of 27 and 24251472.
9
Calculate the highest common divisor of 15372 and 1025654.
854
What is the highest common divisor of 7971232 and 170?
34
What is the greatest common factor of 261248 and 210928?
16
Calculate the greatest common divisor of 435774 and 199302.
354
Calculate the highest common divisor of 8109807 and 12.
3
Calculate the greatest common divisor of 2519571 and 12179.
19
Calculate the highest common factor of 519174 and 18.
18
What is the greatest common divisor of 132 and 35806650?
66
What is the highest common factor of 9089 and 731573?
61
What is the greatest common factor of 1253 and 1119108?
179
What is the highest common divisor of 1147 and 930806?
31
What is the highest common divisor of 2944 and 41101736?
184
What is the greatest common divisor of 265801 and 24178?
157
What is the highest common divisor of 250 and 13461925?
25
What is the highest common factor of 128610 and 19101443?
1429
Calculate the highest common divisor of 4954175 and 33125.
1325
What is the highest common factor of 938 and 2585192722?
938
What is the greatest common divisor of 43981 and 1528520?
721
What is the greatest common factor of 1822088 and 285648?
4328
What is the greatest common factor of 725736 and 228?
12
What is the greatest common factor of 3349807 and 1?
1
What is the greatest common factor of 10352834 and 19?
19
Calculate the greatest common factor of 2025 and 926910.
135
Calculate the highest common divisor of 990 and 289688410.
110
Calculate the highest common divisor of 763154 and 175.
7
Calculate the greatest common factor of 1312 and 622013296.
656
What is the highest common factor of 159 and 2140797?
3
Calculate the greatest common divisor of 1984902 and 222.
222
What is the greatest common factor of 13819665 and 1886?
943
Calculate the greatest common factor of 12357586 and 11179.
1597
Calculate the highest common factor of 7 and 2192724877.
7
Calculate the highest common divisor of 25955 and 54463972.
5191
Calculate the greatest common divisor of 2767047 and 9104.
569
What is the greatest common factor of 123684 and 36564?
132
What is the highest common factor of 2263322 and 2678?
206
Calculate the highest common factor of 36851428 and 12.
4
Calculate the greatest common divisor of 94860 and 4620.
60
Calculate the highest common factor of 984 and 14227738.
82
What is the greatest common factor of 1583269 and 371?
53
What is the highest common factor of 96795 and 1335?
15
What is the greatest common divisor of 70800 and 199536?
48
Calculate the greatest common divisor of 356 and 4309449776.
356
What is the greatest common factor of 141987 and 11985?
141
Calculate the greatest common divisor of 77586 and 11495466.
1158
What is the greatest common divisor of 984343 and 7232?
113
Calculate the greatest common divisor of 796 and 61842434.
398
What is the greatest common divisor of 227 and 3422479?
227
What is the greatest common factor of 202990 and 4465250?
530
Calculate the greatest common factor of 1298299 and 109.
109
What is the highest common factor of 21809742 and 204?
102
Calculate the highest common factor of 1926 and 618856542.
1926
Calculate the greatest common divisor of 56475695 and 2185.
2185
Calculate the greatest common divisor of 51 and 2224489.
1
What is the highest common factor of 84402 and 33912?
54
What is the highest common factor of 107167 and 304296?
31
Calculate the highest common divisor of 229131708 and 2496.
156
Calculate the greatest common factor of 361000 and 20364200.
3800
What is the highest common factor of 1536 and 266276352?
1536
Calculate the greatest common divisor of 110132555 and 5018.
2509
Calculate the highest common factor of 23168 and 5414072.
1448
What is the highest common divisor of 110680510 and 11828?
5914
What is the greatest common divisor of 332212 and 11132?
92
What is the greatest common divisor of 28376309 and 6097?
871
What is the highest common divisor of 12898809 and 9702?
4851
Calculate the highest common divisor of 287200 and 247710.
3590
What is the greatest common factor of 2077821 and 17081?
551
Calculate the greatest common factor of 22246470 and 3870.
90
Calculate the greatest common divisor of 20621324 and 124.
124
What is the greatest common divisor of 942 and 1009482?
6
What is the greatest common factor of 136547671 and 533?
533
Calculate the highest common divisor of 719 and 37246357.
719
Calculate the highest common divisor of 7039188 and 36.
36
What is the highest common factor of 5548 and 94373?
19
What is the highest common factor of 61258753 and 803?
73
Calculate the highest common factor of 2210499 and 790.
79
What is the greatest common divisor of 504 and 2112915?
21
Calculate the highest common factor of 1242480 and 66132.
2004
What is the greatest common divisor of 1145592 and 4392?
72
Calculate the highest common factor of 4672 and 19527208.
584
What is